 remainder when (-7)/(7/(-72)) - (-3 + 2) is divided by 26?
21
Suppose 5*l - 3*l + 23 = 5*g, -5 = -5*l. Suppose 27 - 67 = g*f. Let h(k) = -k**3 - 9*k**2 - 8*k + 10. Calculate the remainder when 29 is divided by h(f).
9
Suppose 18 = -3*k + 4*g, 7*g = 3*g. Calculate the remainder when 2/(-6) - 8/k is divided by 1.
0
Suppose -3*r - 55 = -5*c, -3 = -r + 3*c - 28. Calculate the remainder when 3*r/45*-63 is divided by (-12)/(-4)*(-1 - -6).
12
Suppose 0 = -8*l - 2272 + 2296. Calculate the remainder when 14 is divided by l.
2
Let q(z) = -z + 2. Let v be q(-8). Suppose -v = -r - r. Suppose 0*y + 24 = 4*y. What is the remainder when y is divided by r?
1
Let q(s) = s**2 + 5*s - 24. Let m be q(-8). What is the remainder when (m + -71)*(-5 - -4) is divided by 15?
11
Suppose -a = 2*s - 6*s - 13, a - 2*s = 9. Suppose 0 = r + 4*v - 20, a*v = -5*r - 6 + 46. Calculate the remainder when 23 is divided by r.
3
Let k(w) = 34 - 4*w - 31 + 3*w. Calculate the remainder when 6 is divided by k(-2).
1
Suppose -40*f = -52*f + 1644. Calculate the remainder when f is divided by 127.
10
Suppose 0*f - 1835 = 5*f. Let t = f - -252. Let y = t - -180. What is the remainder when y is divided by 17?
14
Suppose 0 = m + 6 - 59. Let x = m + -14. Calculate the remainder when x is divided by 8.
7
Let b(a) = -49 + 0*a + 17 + 6*a - 18. What is the remainder when 18 is divided by b(10)?
8
Let l = -948 - -982. Let c be 10/6 + 2/6. Suppose c*r + 4*j = 10, 3*r - 7*r - j = -l. Calculate the remainder when 34 is divided by r.
7
Let p(m) = 9*m**3 - 5*m + 5. What is the remainder when p(2) is divided by 14 + (-2 - 24/(-4))?
13
Suppose 72*u - 2792 = 2248. What is the remainder when 557 is divided by u?
67
Let h(z) = -4*z - 12. Let s be (-20)/(-8)*54/15. Let u be h(s). Let c = 80 + u. Calculate the remainder when c is divided by 18.
14
Let i(t) = 3*t**2 - 10*t + 8. Suppose 3*d - 9 = z - 4, -4*z + d + 24 = 0. Calculate the remainder when i(z) is divided by 30.
25
Calculate the remainder when (30/8)/(7/280) is divided by 68.
14
Let r be -1 + 3/(5 - 2). Suppose 3*o = 5*t + 4*o - 39, r = t - o - 3. Calculate the remainder when 68 is divided by t.
5
Suppose -4*l = -z, -3*l + 3*z = 1 + 8. Let f = -2961 - -2999. What is the remainder when f is divided by 0*l*-1 + 13?
12
Let i be (4/(-14))/(1/(-35)). Suppose -i = 6*s - 8*s. Calculate the remainder when 19 is divided by s.
4
Let y = -72 - -92. Suppose -4*b - 2*j + 24 = 0, -b + 6 = j + j. Calculate the remainder when y is divided by b.
2
Suppose 3*p = 8 + 61. Calculate the remainder when p is divided by (-392)/(-42) + 8/(-6).
7
Let q(s) = -s**2 + 4*s - 2. Let a be q(3). What is the remainder when ((-12)/16)/(a/(-228)) is divided by 44?
39
Let x(v) = v + 15. What is the remainder when 40 is divided by x(-9)?
4
Let a be -79*(-3 - -2) + 0/1. Let x = a + -42. What is the remainder when 145 is divided by x?
34
Calculate the remainder when 717 is divided by 3/25*-5*(-240)/2.
69
Suppose -4*k + 26 = -5*m - 6, -3*k + 2*m + 17 = 0. Calculate the remainder when 154 is divided by ((234/8)/k)/((-39)/(-156)).
37
Let c = -40 + 71. Let q be (-24)/(-15) - (-4)/10. Suppose -i + 2*r + 17 = 0, 34 = q*i + 3*r + 2*r. Calculate the remainder when c is divided by i.
14
What is the remainder when 50 is divided by (2*-3)/(27/(-18))?
2
Suppose 5*y + f + 32 = 0, 3*f = -0 - 6. What is the remainder when 17 is divided by (-20)/y*21/14?
2
Let y = 42 + -24. Let r = y + -7. Calculate the remainder when 85 is divided by r.
8
Let x = 98 + -93. Let u(f) = f**2 + 23. Calculate the remainder when u(0) is divided by x.
3
Suppose -2155 = -27*b + 1571. Calculate the remainder when b is divided by 36.
30
Suppose -i - 11 = -2*j - 0*j, -2*j - 5*i = 7. Let h(a) = 2*a**2 - 4*a - 7. Calculate the remainder when (-30)/(-4)*1*2 is divided by h(j).
6
Let l be 14*(-8)/(-28)*-9. Let f = -22 - l. Let w = 15 + -10. What is the remainder when f is divided by w?
4
Let j = 104 - -60. Let y = 279 - j. Calculate the remainder when y is divided by 29.
28
Let o be (-1)/(-4) - 348/(-16) - -3. Suppose 0 = 5*p - 40 - o. What is the remainder when 75 is divided by p?
10
Suppose -3*j + 5*p = -2065, 54 = 2*p + 64. What is the remainder when j is divided by 76?
72
Let v = 2 - -19. Let u be (-2)/(-2 + 5 - 2). What is the remainder when (-1 - 82 - u)*-1 is divided by v?
18
Calculate the remainder when (15 - 0)*((-1056)/55 + 22) is divided by 41.
1
Let q(s) = s**2 + 7*s. Let h be q(-6). Suppose 2*a - 158 = -62. Calculate the remainder when a is divided by ((-1)/3)/(h/234).
9
Suppose j = -2*i - 47 - 28, 156 = -4*i + 4*j. Let g = -23 - i. Suppose 2*y - 115 = g. What is the remainder when y is divided by 17?
14
Let l(h) = h**3 - 18*h**2 + 34*h - 17. What is the remainder when 15 is divided by l(16)?
0
What is the remainder when 32 - 20/5 - (-9)/(-9) is divided by (7/(-2))/((-2)/4)?
6
Let f(a) = 2*a**2 + 5*a + 2. Let k be f(-4). Let p(b) = -14 - k*b + 11 + 0*b. What is the remainder when p(-5) is divided by 18?
13
Suppose -4 = -4*l, 0 = -2*p - 3*l - 29 + 150. Calculate the remainder when 219 is divided by p.
42
Let a(n) = n + 25. Let y be a(-7). Suppose -5*f + 43 = y. What is the remainder when 12 is divided by f?
2
Let b = 46 - 28. Suppose 0 = o - 0*o + 4*v - b, o - v = 8. Calculate the remainder when 28 is divided by o.
8
Let u = -224 - -256. What is the remainder when 125 is divided by u?
29
Let q(y) = 13*y + 2. Suppose 1387 = 6*r + 229. What is the remainder when r is divided by q(1)?
13
Calculate the remainder when 269 is divided by (3 + 198/(-42))/(4/(-42)).
17
Let d = -1651 + 1654. Calculate the remainder when 29 is divided by d.
2
Let c be ((-120)/(-2))/(36/48). Let t(v) = -22*v + 2. Calculate the remainder when t(-2) is divided by ((-96)/c)/((-3)/40).
14
Let q = -825 - -868. Calculate the remainder when 166 + (2/1 - -1) is divided by q.
40
Let b(o) = -8*o + 61. Calculate the remainder when b(4) is divided by 10.
9
Suppose 3*q + 3*r - 201 = 0, 3*r = -5*q + 151 + 188. Calculate the remainder when q is divided by (-3 - (-190)/110)*-11.
13
Suppose -t = 3*u + 22 - 92, t + 80 = 3*u. Let c = 169 - 155. Suppose 5*b - 231 = c. What is the remainder when b is divided by u?
24
Suppose -7 = -7*c + 7. Calculate the remainder when 9*3 + (10 - c)/2 is divided by 12.
7
Let w be 2/(-8) - (-26)/8. Suppose t - 9 = i, 0*i = w*t - 2*i - 27. What is the remainder when 15 is divided by t?
6
Suppose 4*m - 380 = 4*p + 104, 4*m + 4*p - 524 = 0. What is the remainder when m is divided by 7?
0
Suppose 5*a - 2 = 18, y - a = -18. Let h = 35 + y. Suppose -h - 17 = -c. Calculate the remainder when c is divided by 10.
8
Let u(n) = -n**3 - 14*n**2 - 3*n - 11. Let f be (0 - 2)*75/(-6). Let c = 36 - f. What is the remainder when u(-14) is divided by c?
9
Suppose -m + 28 = 2*g, -3*m + 4*m - 40 = -5*g. Calculate the remainder when m is divided by 8.
4
Let u = -213 + 310. Suppose 3*w + 0*w + 5*s - 53 = 0, -5*w + u = 4*s. Let t = -99 + 160. Calculate the remainder when t is divided by w.
19
Let y be (-76)/(-6) - (-4)/12. Let c = -17 + y. Let t(m) = m**2 + m + 4. What is the remainder when 31 is divided by t(c)?
15
Let w(f) = 5*f + 60. Let l = 198 + -142. Calculate the remainder when l is divided by w(-9).
11
Let y = -53 + 55. Suppose 156 = 2*b - 3*w - y*w, -52 = -b - 4*w. What is the remainder when b is divided by 36?
32
Let r = 106 - 123. Let n = r - -42. Calculate the remainder when 149 is divided by n.
24
Let b(n) = 27*n + 94. Suppose 2*u - 195 = -5*p + 4*u, 5*p - 160 = -5*u. What is the remainder when p is divided by b(-3)?
11
Let f = -3369 - -3415. What is the remainder when f is divided by (-2)/(-3) + 34/3?
10
What is the remainder when 338 is divided by 621/11 - (-144)/264?
53
Let h(k) = k**2 + 6*k + 4. Let x be h(-15). Let j = x + -96. Calculate the remainder when j is divided by 22.
21
Let r(z) = -2*z**3 - 6*z**2 + 8*z - 13. What is the remainder when r(-7) is divided by 22?
15
Let p(b) = b**2 - 2. Let n(x) = x**2 - 5. Let g(k) = -4*n(k) + 10*p(k). What is the remainder when 27 is divided by g(-1)?
3
Let i(x) = 24*x + 227. What is the remainder when i(-7) is divided by 34?
25
Let j(r) = -3*r**3 + 6*r + 10*r + 12*r**2 - r**3 + 3*r**3 - 14. Suppose 0 = -h + 58 - 45. Calculate the remainder when 46 is divided by j(h).
21
Let y = 238 - 231. Calculate